{"id":2,"date":"2012-02-01T06:34:13","date_gmt":"2012-02-01T06:34:13","guid":{"rendered":"http:\/\/www.virginie-gringarten.fr\/?page_id=2"},"modified":"2012-11-03T10:37:18","modified_gmt":"2012-11-03T10:37:18","slug":"page-d-exemple","status":"publish","type":"page","link":"http:\/\/www.virginie-gringarten.fr\/?page_id=2","title":{"rendered":"About me"},"content":{"rendered":"<p><a href=\"http:\/\/www.virginie-gringarten.fr\/?attachment_id=117\" rel=\"attachment wp-att-117\"><img loading=\"lazy\" decoding=\"async\" class=\"alignnone size-thumbnail wp-image-117\" title=\"20120203-233453.jpg\" src=\"http:\/\/www.virginie-gringarten.fr\/wp-content\/uploads\/2012\/02\/20120203-233453-150x150.jpg\" alt=\"\" width=\"150\" height=\"150\" \/><\/a><a href=\"http:\/\/www.virginie-gringarten.fr\/?attachment_id=366\" rel=\"attachment wp-att-366\"><img loading=\"lazy\" decoding=\"async\" class=\"alignnone size-thumbnail wp-image-366\" title=\"VG Peintre\" src=\"http:\/\/www.virginie-gringarten.fr\/wp-content\/uploads\/2012\/02\/VG-Peintre3-150x150.jpg\" alt=\"\" width=\"150\" height=\"150\" \/><\/a><\/p>\n<p><span style=\"color: #800000;\">Ce blog devrait me pousser a reprendre les crayons et Pilot &#8230; Et d\u00e9sormais, stylet, plus souvent&#8230; <\/span><\/p>\n<p><span style=\"color: #800000;\">Au bout de quelques mois, je peux dire que <\/span><span style=\"color: #800000;\">gr\u00e2ce \u00e0 lui, je dessine plus que je n&rsquo;ai dessin\u00e9 en 3 ans, merci PhP! <\/span><\/p>\n<p><span style=\"color: #800000;\">Mes dessins ? inspir\u00e9s par la politique, par une petite fille qui nous est ch\u00e8re, par de petites commandes d&rsquo;amis, ou tout simplement par des paysages travers\u00e9s. Maybe it&rsquo;ll turn out to be a real project one day. Comments welcome &#8211;<\/span><\/p>\n","protected":false},"excerpt":{"rendered":"<p>Ce blog devrait me pousser a reprendre les crayons et Pilot &#8230; Et d\u00e9sormais, stylet, plus souvent&#8230; Au bout de quelques mois, je peux dire que gr\u00e2ce \u00e0 lui, je dessine plus que je n&rsquo;ai dessin\u00e9 en 3 ans, merci PhP! Mes dessins ? inspir\u00e9s par la politique, par une petite fille qui nous est [&hellip;]<\/p>\n","protected":false},"author":1,"featured_media":117,"parent":0,"menu_order":3,"comment_status":"open","ping_status":"closed","template":"","meta":{"footnotes":""},"_links":{"self":[{"href":"http:\/\/www.virginie-gringarten.fr\/index.php?rest_route=\/wp\/v2\/pages\/2"}],"collection":[{"href":"http:\/\/www.virginie-gringarten.fr\/index.php?rest_route=\/wp\/v2\/pages"}],"about":[{"href":"http:\/\/www.virginie-gringarten.fr\/index.php?rest_route=\/wp\/v2\/types\/page"}],"author":[{"embeddable":true,"href":"http:\/\/www.virginie-gringarten.fr\/index.php?rest_route=\/wp\/v2\/users\/1"}],"replies":[{"embeddable":true,"href":"http:\/\/www.virginie-gringarten.fr\/index.php?rest_route=%2Fwp%2Fv2%2Fcomments&post=2"}],"version-history":[{"count":35,"href":"http:\/\/www.virginie-gringarten.fr\/index.php?rest_route=\/wp\/v2\/pages\/2\/revisions"}],"predecessor-version":[{"id":103,"href":"http:\/\/www.virginie-gringarten.fr\/index.php?rest_route=\/wp\/v2\/pages\/2\/revisions\/103"}],"wp:featuredmedia":[{"embeddable":true,"href":"http:\/\/www.virginie-gringarten.fr\/index.php?rest_route=\/wp\/v2\/media\/117"}],"wp:attachment":[{"href":"http:\/\/www.virginie-gringarten.fr\/index.php?rest_route=%2Fwp%2Fv2%2Fmedia&parent=2"}],"curies":[{"name":"wp","href":"https:\/\/api.w.org\/{rel}","templated":true}]}}

<p><a href="http://www.virginie-gringarten.fr/?attachment_id=117" rel="attachment wp-att-117"><img loading="lazy" decoding="async" class="alignnone size-thumbnail wp-image-117" title="20120203-233453.jpg" src="http://www.virginie-gringarten.fr/wp-content/uploads/2012/02/20120203-233453-150x150.jpg" alt="" width="150" height="150" /></a><a href="http://www.virginie-gringarten.fr/?attachment_id=366" rel="attachment wp-att-366"><img loading="lazy" decoding="async" class="alignnone size-thumbnail wp-image-366" title="VG Peintre" src="http://www.virginie-gringarten.fr/wp-content/uploads/2012/02/VG-Peintre3-150x150.jpg" alt="" width="150" height="150" /></a></p>
<p><span style="color: #800000;">Ce blog devrait me pousser a reprendre les crayons et Pilot &#8230; Et désormais, stylet, plus souvent&#8230; </span></p>
<p><span style="color: #800000;">Au bout de quelques mois, je peux dire que </span><span style="color: #800000;">grâce à lui, je dessine plus que je n&rsquo;ai dessiné en 3 ans, merci PhP! </span></p>
<p><span style="color: #800000;">Mes dessins ? inspirés par la politique, par une petite fille qui nous est chère, par de petites commandes d&rsquo;amis, ou tout simplement par des paysages traversés. Maybe it&rsquo;ll turn out to be a real project one day. Comments welcome &#8211;</span></p>

<p>Ce blog devrait me pousser a reprendre les crayons et Pilot &#8230; Et désormais, stylet, plus souvent&#8230; Au bout de quelques mois, je peux dire que grâce à lui, je dessine plus que je n&rsquo;ai dessiné en 3 ans, merci PhP! Mes dessins ? inspirés par la politique, par une petite fille qui nous est [&hellip;]</p>
